{"id":5945,"date":"2023-08-31T10:39:09","date_gmt":"2023-08-31T10:39:09","guid":{"rendered":"https:\/\/amberdistribution.lv\/?post_type=product&#038;p=5945"},"modified":"2023-08-31T10:43:31","modified_gmt":"2023-08-31T10:43:31","slug":"musti-nobilis-primitivo-puglia-igt","status":"publish","type":"product","link":"https:\/\/amberdistribution.lv\/lv\/product\/musti-nobilis-primitivo-puglia-igt\/","title":{"rendered":"Musti Nobilis Primitivo Puglia IGT"},"content":{"rendered":"<p>Sausais sarkanv\u012bns no Ap\u016blijas re\u0123iona It\u0101lijas dienvidos. Intens\u012bvs, gar\u0161vielains, ar samtainu gar\u0161u, sarkano ogu un tabakas not\u012bm. Ieteicams pasniegt ar ga\u013cu, gril\u0113tiem \u0113dieniem, sieriem\u00a0 16-18 gr\u0101du temperat\u016br\u0101.<\/p>\n","protected":false},"excerpt":{"rendered":"<p>Sausais sarkanv\u012bns no Ap\u016blijas re\u0123iona It\u0101lijas dienvidos. Intens\u012bvs, gar\u0161vielains, ar samtainu gar\u0161u, sarkano ogu un tabakas not\u012bm. Ieteicams pasniegt ar ga\u013cu, gril\u0113tiem \u0113dieniem, sieriem\u00a0 16-18 gr\u0101du temperat\u016br\u0101.<\/p>\n","protected":false},"featured_media":5946,"template":"","meta":[],"product_cat":[418,420],"product_tag":[],"acf":[],"_links":{"self":[{"href":"https:\/\/amberdistribution.lv\/lv\/wp-json\/wp\/v2\/product\/5945"}],"collection":[{"href":"https:\/\/amberdistribution.lv\/lv\/wp-json\/wp\/v2\/product"}],"about":[{"href":"https:\/\/amberdistribution.lv\/lv\/wp-json\/wp\/v2\/types\/product"}],"wp:featuredmedia":[{"embeddable":true,"href":"https:\/\/amberdistribution.lv\/lv\/wp-json\/wp\/v2\/media\/5946"}],"wp:attachment":[{"href":"https:\/\/amberdistribution.lv\/lv\/wp-json\/wp\/v2\/media?parent=5945"}],"wp:term":[{"taxonomy":"product_cat","embeddable":true,"href":"https:\/\/amberdistribution.lv\/lv\/wp-json\/wp\/v2\/product_cat?post=5945"},{"taxonomy":"product_tag","embeddable":true,"href":"https:\/\/amberdistribution.lv\/lv\/wp-json\/wp\/v2\/product_tag?post=5945"}],"curies":[{"name":"wp","href":"https:\/\/api.w.org\/{rel}","templated":true}]}}

<p>Sausais sarkanvīns no Apūlijas reģiona Itālijas dienvidos. Intensīvs, garšvielains, ar samtainu garšu, sarkano ogu un tabakas notīm. Ieteicams pasniegt ar gaļu, grilētiem ēdieniem, sieriem  16-18 grādu temperatūrā.</p>
